4548 a multiple of 12?
True
Is 13 a factor of 2932939?
False
Is 312 a factor of 6232824?
True
Is 211653 a multiple of 13?
True
Is 48 a factor of 274526?
False
Does 135 divide 7762865?
False
Is 87 a factor of 95439?
True
Is 482 a factor of 845910?
True
Does 190 divide 1991461?
False
Is 1558381 a multiple of 514?
False
Is 73728 a multiple of 36?
True
Is 15 a factor of 10210416?
False
Does 90 divide 739800?
True
Does 17 divide 10078947?
False
Is 183215 a multiple of 161?
False
Is 175 a factor of 75020?
False
Does 602 divide 6534108?
True
Is 15 a factor of 5353625?
False
Is 44220 a multiple of 33?
True
Is 43192 a multiple of 129?
False
Is 8 a factor of 155340?
False
Is 28 a factor of 738388?
True
Is 81834 even?
True
Is 663642 a multiple of 46?
True
Is 5781520 a multiple of 80?
True
Does 9 divide 98361?
True
Is 5418915 a multiple of 23?
True
Is 460280 a multiple of 370?
True
Is 1675793 a multiple of 460?
False
Does 148 divide 2050086?
False
Does 21 divide 503639?
False
Is 484879 a multiple of 556?
False
Is 49 a factor of 893126?
False
Does 11 divide 251095?
False
Is 1919150 a multiple of 48?
False
Does 12 divide 69267?
False
Is 840020 a multiple of 5?
True
Is 28 a factor of 426389?
False
Is 21 a factor of 13894372?
False
Is 216231 a multiple of 39?
False
Is 27 a factor of 1226772?
True
Does 322 divide 336195?
False
Is 7 a factor of 4862?
False
Is 141843 a multiple of 3?
True
Is 6 a factor of 5780025?
False
Is 1404603 a multiple of 42?
False
Is 536972 a multiple of 80?
False
Is 106352 a multiple of 8?
True
Does 749 divide 550515?
True
Does 65 divide 4481185?
False
Is 3458421 a multiple of 199?
True
Is 140391 a multiple of 171?
True
Is 1289244 a multiple of 249?
False
Is 49 a factor of 571567?
False
Is 15 a factor of 24311265?
True
Is 32 a factor of 55858?
False
Is 13 a factor of 19379?
False
Does 59 divide 424339?
False
Is 663768 a multiple of 36?
True
Is 41 a factor of 7674656?
False
Does 119 divide 10037055?
True
Does 14 divide 117913?
False
Does 61 divide 179920?
False
Is 59 a factor of 25547?
True
Is 706 a factor of 1219968?
True
Is 4135152 a multiple of 19?
False
Does 272 divide 1100507?
False
Is 989540 a multiple of 20?
True
Is 1716292 a multiple of 1891?
False
Is 969144 a multiple of 88?
True
Is 21406 a multiple of 42?
False
Is 583440 a multiple of 935?
True
Is 11 a factor of 374?
True
Is 438165 a multiple of 315?
True
Does 49 divide 1791783?
True
Does 2 divide 156751?
False
Is 167927 a multiple of 26?
False
Does 73 divide 1680580?
False
Is 257844 a multiple of 300?
False
Is 344 a factor of 65704?
True
Is 11228 a multiple of 275?
False
Is 2322655 a multiple of 592?
False
Is 65 a factor of 193310?
True
Is 3737206 a multiple of 831?
False
Does 7 divide 364413?
True
Is 514 a factor of 18422?
False
Is 4045722 a multiple of 30?
False
Does 11 divide 98842?
False
Does 4 divide 1730198?
False
Is 1411416 a multiple of 319?
False
Is 50579 a multiple of 3?
False
Is 228567 a multiple of 20?
False
Does 732 divide 28836474?
False
Does 1601 divide 6157446?
True
Is 7020555 a multiple of 249?
True
Is 5849693 a multiple of 15?
False
Does 640 divide 990080?
True
Is 1772 a factor of 2714704?
True
Does 12 divide 276600?
True
Is 7223994 a multiple of 6?
True
Does 1148 divide 3913532?
True
Does 503 divide 9260131?
False
Is 43 a factor of 1349630?
False
Is 3 a factor of 3143735?
False
Is 478992 a multiple of 272?
True
Is 100 a factor of 912?
False
Is 881 a factor of 5662992?
False
Does 3 divide 17490?
True
Is 234 a factor of 14351220?
True
Is 2453727 a multiple of 33?
False
Is 435670 a multiple of 14?
False
Is 813918 a multiple of 8?
False
Is 1075720 a multiple of 20?
True
Does 17 divide 43695?
False
Is 20 a factor of 71740?
True
Does 14 divide 1422251?
False
Is 6916176 a multiple of 144?
True
Does 115 divide 797295?
True
Is 37 a factor of 13266?
False
Does 3 divide 130648?
False
Is 10 a factor of 33976?
False
Is 3391021 a multiple of 12?
False
Does 19 divide 187322?
False
Does 11 divide 1020679?
True
Is 194224 a multiple of 16?
True
Does 102 divide 91188?
True
Does 13 divide 105781?
True
Is 16 a factor of 213232?
True
Is 493984 a multiple of 172?
True
Is 30563 a multiple of 6?
False
Does 4 divide 8856?
True
Is 1588 a factor of 629721?
False
Is 60 a factor of 2213340?
True
Is 32 a factor of 82464?
True
Does 56 divide 3107858?
False
Is 12389784 a multiple of 343?
False
Does 184 divide 151891?
False
Does 78 divide 796770?
True
Does 606 divide 5322322?
False
Does 85 divide 6820126?
False
Is 1022359 a multiple of 13?
True
Does 57 divide 2666973?
True
Is 798768 a multiple of 387?
True
Is 45 a factor of 163019?
False
Does 182 divide 102830?
True
Does 94 divide 175750?
False
Is 16 a factor of 1293776?
True
Is 52 a factor of 1103147?
False
Is 71088 a multiple of 48?
True
Is 97 a factor of 2171836?
False
Does 35 divide 943495?
True
Is 144 a factor of 279216?
True
Does 5 divide 42725?
True
Does 25 divide 471330?
False
Is 286848 a multiple of 108?
True
Is 287587 a multiple of 379?
False
Is 9497937 a multiple of 67?
False
Is 15427334 a multiple of 169?
True
Is 14 a factor of 1254484?
True
Is 37 a factor of 475524?
True
Is 115556 a multiple of 28?
True
Is 39 a factor of 1468739?
False
Is 49 a factor of 480814?
False
Does 16 divide 37324?
False
Is 130696 a multiple of 29?
False
Does 5 divide 1094425?
True
Does 23 divide 2870538?
True
Does 216 divide 497448?
True
Is 5 a factor of 88785?
True
Is 15 a factor of 548835?
True
Is 650335 a multiple of 141?
False
Does 193 divide 9342937?
True
Is 7 a factor of 117032?
False
Is 730896 a multiple of 48?
True
Is 12 a factor of 738882?
False
Does 44 divide 1295087?
False
Is 172 a factor of 55556?
True
Is 2460019 a multiple of 17?
True
Does 214 divide 135333?
False
Does 115 divide 191738?
False
Does 216 divide 8216856?
True
Is 80 a factor of 275680?
True
Does 24 divide 228864?
True
Is 1388 a factor of 2711493?
False
Does 27 divide 224937?
True
Does 11 divide 16838579?
False
Is 6343298 a multiple of 29?
False
Is 15 a factor of 2335369?
False
Is 789927 a multiple of 103?
False
Is 19 a factor of 6984799?
True
Does 30 divide 136260?
True
Does 279 divide 586505?
False
Is 83 a factor of 1403945?
True
Is 126496 a multiple of 23?
False
Is 14 a factor of 66556?
True
Is 29505376 a multiple of 16?
True
Does 358 divide 436092?
False
Is 3 a factor of 132594?
True
Does 221 divide 7804767?
False
Does 42 divide 11776632?
True
Is 318467 a multiple of 24?
False
Does 16 divide 76727?
False
Is 11 a factor of 2523325?
False
Is 720714 a multiple of 41?
False
Does 237 divide 139307?
False
Does 16 divide 360080?
True
Does 135 divide 682084?
False
Does 16 divide 2077408?
True
Does 44 divide 422136?
True
Does 7 divide 980049?
True
Is 540144 a multiple of 88?
True
Is 10 a factor of 7723?
False
Does 10 divide 416140?
True
Is 1891 a factor of 4141290?
True
Is 556800 a multiple of 128?
True
Is 82 a factor of 1454997?
False
Does 94 divide 17070991?
False
Is 1201296 a multiple of 12?
True
Is 6 a factor of 85051?
False
Is 182 a factor of 1017744?
True
Is 7 a factor of 115115?
True
Does 164 divide 178924?
True
Is 481231 a multiple of 632?
False
Does 260 divide 1974440?
True
Is 1764177 a multiple of 287?
False
Is 633043 a multiple of 214?
False
Is 12 a factor of 108623?
False
Does 29 divide 1077843?
True
Is 645826 a multiple of 194?
True
Does 23 divide 276851?
True
Is 585 a factor of 266944?
False
Does 28 divide 10069157?
False
Is 351 a multiple of 39?
True
Does 54 divide 547020?
True
Is 206712 a multiple of 58?
True
Is 1819067 a multiple of 140?
False
Is 12 a factor of 114714?
False
Is 130 a factor of 2275287?
False
Is 58741 a multiple of 83?
False
Is 984 a factor of 21761758?
False
Is 417 a factor of 30441?
True
Is 6628623 a multiple of 23?
True
Does 12 divide 59429?
False
Is 41 a factor of 17324222?
True
Does 10 divide 1519026?
False
Does 308 divide 162789?
False
Is 20 a factor of 258314?
False
Is 174408 a multiple of 338?
True
Is 124301 a multiple of 30?
False
Is 24 a factor of 45672?
True
Does 16 divide 734512?
True
Is 449 a factor of 54329?
True
Is 153 a factor of 501456?
False
Is 17 a factor of 510?
True
Does 331 divide 19670928?
False
Is 6 a factor of 804470?
False
Is 952185 a multiple of 19?
True
Is 9888 a multiple of 8?
True
Is 277 a factor of 2355331?
True
Is 49